rime?
False
Is 16817 a prime number?
False
Is 8791 a prime number?
False
Is 357883 a prime number?
True
Is 1219 composite?
True
Is 907 a prime number?
True
Is 1956415 a prime number?
False
Is 1516307 composite?
True
Is 166181 composite?
True
Is 355879 composite?
True
Is 10901 a composite number?
True
Is 229486 a prime number?
False
Is 101681 composite?
False
Is 7016285 composite?
True
Is 331879 a composite number?
True
Is 144899 composite?
False
Is 215081 a composite number?
True
Is 14821 prime?
True
Is 1111139 prime?
False
Is 63157 prime?
False
Is 12589 a prime number?
True
Is 111713 a composite number?
True
Is 1008587 a composite number?
False
Is 1251827 prime?
True
Is 181439 composite?
False
Is 763757 a composite number?
False
Is 863881 a composite number?
True
Is 97511 a composite number?
False
Is 1147 composite?
True
Is 10883 a composite number?
False
Is 26627 a prime number?
True
Is 95255 composite?
True
Is 1261 composite?
True
Is 186841 a composite number?
False
Is 986659 a prime number?
True
Is 8889 composite?
True
Is 6609 composite?
True
Is 3479287 a composite number?
True
Is 44929 composite?
True
Is 24907 composite?
False
Is 25817 prime?
False
Is 24281 prime?
True
Is 16153 a composite number?
True
Is 19259 a prime number?
True
Is 11863 a prime number?
True
Is 80891 composite?
True
Is 3948969 a composite number?
True
Is 454609 a prime number?
True
Is 10913 a composite number?
True
Is 792593 prime?
True
Is 8026 a prime number?
False
Is 228331 a prime number?
True
Is 128549 prime?
True
Is 328241 a composite number?
True
Is 162497 a composite number?
True
Is 1086297 prime?
False
Is 2473877 a prime number?
False
Is 287767 a prime number?
False
Is 37217 a composite number?
False
Is 21719 prime?
False
Is 101667 prime?
False
Is 329 prime?
False
Is 4009 composite?
True
Is 13582 a composite number?
True
Is 387253 composite?
False
Is 73495 prime?
False
Is 227759 a composite number?
True
Is 45641 prime?
True
Is 146023 a prime number?
True
Is 7849 composite?
True
Is 253 a composite number?
True
Is 2617 prime?
True
Is 47714 prime?
False
Is 70373 composite?
False
Is 4703 a composite number?
False
Is 121393 a prime number?
False
Is 691 composite?
False
Is 542719 a prime number?
True
Is 222383 a prime number?
False
Is 549034 prime?
False
Is 424397 composite?
False
Is 135043 prime?
True
Is 37795 a composite number?
True
Is 1399 a prime number?
True
Is 392423 a prime number?
True
Is 129581 prime?
True
Is 26581 prime?
False
Is 877 prime?
True
Is 5321899 a prime number?
False
Is 33703 a composite number?
False
Is 946211 a prime number?
False
Is 16973 composite?
True
Is 148949 a composite number?
False
Is 90722 a prime number?
False
Is 54941 a composite number?
False
Is 16273 a composite number?
False
Is 108707 a composite number?
False
Is 37781 a prime number?
True
Is 283967 a composite number?
True
Is 43117 a prime number?
True
Is 631 prime?
True
Is 17521 prime?
False
Is 4391 prime?
True
Is 41793 composite?
True
Is 115201 prime?
True
Is 68437 composite?
False
Is 4169 prime?
False
Is 2403619 composite?
False
Is 8819 composite?
False
Is 88937 a prime number?
True
Is 50801 prime?
False
Is 15191 a composite number?
True
Is 468651 prime?
False
Is 101863 prime?
True
Is 78355 composite?
True
Is 1908371 a prime number?
False
Is 82163 a prime number?
True
Is 1249913 composite?
True
Is 127541 composite?
False
Is 863251 composite?
False
Is 12067 a prime number?
False
Is 19181 composite?
False
Is 8098 prime?
False
Is 8605 a composite number?
True
Is 1321413 prime?
False
Is 194957 a prime number?
False
Is 21089 composite?
False
Is 85297 a composite number?
False
Is 506157 a composite number?
True
Is 448133 a composite number?
True
Is 198761 a prime number?
True
Is 971781 a prime number?
False
Is 24233 a prime number?
False
Is 769987 composite?
False
Is 472217 a prime number?
False
Is 16979 prime?
True
Is 120409 a prime number?
False
Is 5603 a composite number?
True
Is 349879 composite?
True
Is 70793 prime?
True
Is 237189 a composite number?
True
Is 1246137 composite?
True
Is 719 composite?
False
Is 9029 a composite number?
False
Is 10231 a composite number?
True
Is 122857 a prime number?
False
Is 17473 a prime number?
False
Is 62821 composite?
True
Is 811271 a prime number?
False
Is 1507631 composite?
True
Is 503747 a prime number?
False
Is 18803 a prime number?
True
Is 1790629 prime?
False
Is 16127 a prime number?
True
Is 8443 prime?
True
Is 78583 prime?
True
Is 252859 a composite number?
True
Is 5001 a prime number?
False
Is 121229 a prime number?
True
Is 366259 a composite number?
False
Is 11129 a composite number?
True
Is 23227 prime?
True
Is 457055 prime?
False
Is 259619 prime?
True
Is 6901 a prime number?
False
Is 94421 prime?
True
Is 54658 composite?
True
Is 281954 prime?
False
Is 426229 a prime number?
True
Is 617902 a composite number?
True
Is 2121011 a composite number?
False
Is 5303 a prime number?
True
Is 2267 prime?
True
Is 92091 prime?
False
Is 1583017 composite?
True
Is 2833 a composite number?
False
Is 2258639 a prime number?
True
Is 158027 a composite number?
True
Is 3683 a composite number?
True
Is 77381 a prime number?
False
Is 132049 a composite number?
False
Is 107671 composite?
False
Is 26083 composite?
False
Is 19015 a prime number?
False
Is 1278769 prime?
True
Is 183907 a prime number?
True
Is 871 composite?
True
Is 5825081 composite?
True
Is 3191 composite?
False
Is 1293077 a prime number?
True
Is 122054 a prime number?
False
Is 1678357 a composite number?
True
Is 47381 a prime number?
True
Is 25891 a composite number?
True
Is 33673 prime?
False
Is 172829 composite?
False
Is 323791 a prime number?
False
Is 5779 a prime number?
True
Is 172673 a prime number?
True
Is 48163 a composite number?
False
Is 6629873 composite?
False
Is 481 a composite number?
True
Is 354121 composite?
False
Is 13139 composite?
True
Is 3487 prime?
False
Is 228269 composite?
True
Is 95681 a prime number?
False
Is 10547 a prime number?
False
Is 424313 composite?
False
Is 18481 composite?
False
Is 21557 a composite number?
False
Is 2636015 a prime number?
False
Is 156413 a composite number?
True
Is 8467 composite?
False
Is 27019 prime?
False
Is 11177 a composite number?
False
Is 2227 a prime number?
False
Is 817357 a composite number?
False
Is 1429993 a prime number?
False
Is 20005 composite?
True
Is 155065 prime?
False
Is 37159 a composite number?
False
Is 16127 a prime number?
True
Is 52807 composite?
False
Is 2328227 a composite number?
True
Is 67211 composite?
False
Is 444607 prime?
True
Is 30449 a composite number?
False
Is 22343 composite?
False
Is 26903 prime?
True
Is 6373 a composite number?
False
Is 9587 a composite number?
False
Is 571979 a prime number?
False
Is 2927 a composite number?
False
Is 14311 a prime number?
False
Is 19177 a prime number?
False
Is 2473 a prime number?
True
Is 121181 prime?
True
Is 369869 composite?
True
Is 31379 composite?
False
Is 138727 a prime number?
True
Is 11597 a composite number?
False
Is 134759 composite?
True
Is 629 a composite number?
True
Is 8843 a composite number?
True
Is 6749 a composite number?
True
Is 10717 a prime number?
False
Is 659689 composite?
False
Is 30367 a prime number?
True
Is 4481 prime?
True
Is 90887 prime?
True
Is 191413 composite?
False
Is 4873 prime?
False
Is 30029 composite?
False
Is 725639 a composite number?
False
Is 10793 a composite number?
True
Is 9197 prime?
False
Is 102397 a composite number?
False
Is 77137 prime?
True
Is 153793 composite?
True
Is 690641 a composite number?
True
Is 394919 composite?
True
Is 50231 a composite number?
False
Is 10663 a composite number?
False
Is 109853 prime?
False
Is 9791 composite?
False
Is 357421 a composite number?
False
Is 1002289 prime?
True
Is 9151 composite?
False
Is 211831 composite?
True
Is 392063 a composite number?
True
Is 10223 a composite number?
False
Is 95311 a prime number?
True
Is 161521 composite?
False
Is 270853 prime?
False
Is 227947 prime?
True
Is 9055 a prime number?
False
Is 64849 a prime number?
True
Is 39329 a composite number?
True
Is 1055251 composite?
False
Is 18923 composite?
True
Is 2075039 prime?
False
Is 3205 composite?
True
Is 24611 prime?
True
Is 341813 prime?
True
Is 9799 prime?
False
Is 22051 a composite number?
False
Is 1